{"id":123,"date":"2023-01-25T09:24:32","date_gmt":"2023-01-25T08:24:32","guid":{"rendered":"http:\/\/compagnieencore.fr\/?page_id=123"},"modified":"2023-04-07T22:23:30","modified_gmt":"2023-04-07T20:23:30","slug":"florent-kubler","status":"publish","type":"page","link":"https:\/\/compagnieencore.fr\/index.php\/florent-kubler\/","title":{"rendered":"Florent Kubler"},"content":{"rendered":"\n<div class=\"wp-block-columns is-layout-flex wp-container-core-columns-is-layout-9d6595d7 wp-block-columns-is-layout-flex\">\n<div class=\"wp-block-column is-layout-flow wp-block-column-is-layout-flow\">\n<div class=\"wp-block-group\"><div class=\"wp-block-group__inner-container is-layout-constrained wp-block-group-is-layout-constrained\">\n<p>Dipl\u00f4m\u00e9 des beaux-arts de Nancy en 2009, c\u2019est \u00e0 pieds joints qu\u2019il saute aussit\u00f4t dans ce qu\u2019il dit \u00eatre la meilleure \u00e9cole qui soit: le voyage au long cours.<br><br>Baroudeur averti, auto-stoppeur dans l\u2019\u00e2me, c\u2019est en vendant ou troquant ses images qu\u2019il a \u00e9volu\u00e9 pas \u00e0 pas au travers des cinq continents, puisant son inspiration dans les diff\u00e9rences sociales observ\u00e9es, les chocs culturels v\u00e9cus. En r\u00e9sulte un bon nombre d\u2019expositions de peintures, photos et dessins.<br><br>Sa s\u00e9dentarisation en 2017, et son esprit \u00ab bricoleur\/touche-\u00e0-tout \u00bb le m\u00e8nent naturellement vers le travail du volume et de la sc\u00e9nographie. En m\u00ealant ses comp\u00e9tences en menuiserie, en forge, en m\u00e9canique d\u2019assemblage, et bien-s\u00fbr en cr\u00e9ativit\u00e9 esth\u00e9tique, il explore un vaste champ d\u2019expression plastique, tout en r\u00e9solvant des d\u00e9fis techniques, li\u00e9s aux contrainte de la sc\u00e8ne et de l\u2019installation.<\/p>\n<\/div><\/div>\n<\/div>\n\n\n\n<div class=\"wp-block-column is-vertically-aligned-center is-layout-flow wp-block-column-is-layout-flow\"><div class=\"wp-block-image\">\n<figure class=\"aligncenter size-full\"><img fetchpriority=\"high\" decoding=\"async\" width=\"276\" height=\"500\" src=\"http:\/\/compagnieencore.fr\/wp-content\/uploads\/2023\/01\/Florent-Kubler.jpg\" alt=\"\" class=\"wp-image-129\" srcset=\"https:\/\/compagnieencore.fr\/wp-content\/uploads\/2023\/01\/Florent-Kubler.jpg 276w, https:\/\/compagnieencore.fr\/wp-content\/uploads\/2023\/01\/Florent-Kubler-166x300.jpg 166w\" sizes=\"(max-width: 276px) 100vw, 276px\" \/><\/figure>\n<\/div><\/div>\n<\/div>\n\n\n\n<p><\/p>\n","protected":false},"excerpt":{"rendered":"<p>Dipl\u00f4m\u00e9 des beaux-arts de Nancy en 2009, c\u2019est \u00e0 pieds joints qu\u2019il saute aussit\u00f4t dans ce qu\u2019il dit \u00eatre la meilleure \u00e9cole qui soit: le voyage au long cours. Baroudeur averti, auto-stoppeur dans l\u2019\u00e2me, c\u2019est&hellip;<\/p>\n","protected":false},"author":1,"featured_media":0,"parent":0,"menu_order":0,"comment_status":"closed","ping_status":"closed","template":"","meta":{"footnotes":""},"class_list":["post-123","page","type-page","status-publish","hentry"],"_links":{"self":[{"href":"https:\/\/compagnieencore.fr\/index.php\/wp-json\/wp\/v2\/pages\/123","targetHints":{"allow":["GET"]}}],"collection":[{"href":"https:\/\/compagnieencore.fr\/index.php\/wp-json\/wp\/v2\/pages"}],"about":[{"href":"https:\/\/compagnieencore.fr\/index.php\/wp-json\/wp\/v2\/types\/page"}],"author":[{"embeddable":true,"href":"https:\/\/compagnieencore.fr\/index.php\/wp-json\/wp\/v2\/users\/1"}],"replies":[{"embeddable":true,"href":"https:\/\/compagnieencore.fr\/index.php\/wp-json\/wp\/v2\/comments?post=123"}],"version-history":[{"count":11,"href":"https:\/\/compagnieencore.fr\/index.php\/wp-json\/wp\/v2\/pages\/123\/revisions"}],"predecessor-version":[{"id":366,"href":"https:\/\/compagnieencore.fr\/index.php\/wp-json\/wp\/v2\/pages\/123\/revisions\/366"}],"wp:attachment":[{"href":"https:\/\/compagnieencore.fr\/index.php\/wp-json\/wp\/v2\/media?parent=123"}],"curies":[{"name":"wp","href":"https:\/\/api.w.org\/{rel}","templated":true}]}}